-89*k + 565336 + 316654 = 0. Does 199 divide k?
False
Let o be (-4)/(-34) + (-22)/187. Suppose -2*a - 149 + 1101 = o. Suppose 14*v + a = 2016. Is 22 a factor of v?
True
Let z = -2 - -4. Let x(f) be the first derivative of 5*f**4/2 - 2*f**3/3 - f - 331. Does 19 divide x(z)?
False
Let g be ((-2)/(-14))/((-51)/(-357)). Let r(k) = 589*k - 28. Does 33 divide r(g)?
True
Let m(j) = -j**2 - 13*j + 117. Let f be m(6). Suppose -3*b = 2*k - 1568, 5*b - 10*b + f*k = -2588. Is b a multiple of 10?
True
Let x = -49 + 53. Suppose -a + x = 3*o - 207, -5*a = -2*o + 169. Suppose 3*n - o = -3*z + 48, 44 = z + 5*n. Is 13 a factor of z?
True
Let i = -60 + 63. Suppose 3*h = i*j - 1485, -j + 2*j - 5*h = 499. Suppose -3*k - 92 = -j. Does 10 divide k?
False
Let z(y) = 2*y**3 + 13*y**2 - 8*y - 3. Let o be z(-7). Suppose o*t + 2*w = -w + 1108, 0 = 2*t - 3*w - 536. Is 52 a factor of t?
False
Suppose 15*p - 50634 - 209826 = 0. Is 70 a factor of p?
False
Let k(h) = 3*h - 6*h**2 + 4*h - h - h**3 + 19. Let t be 122/(-8) + 15 + (-35)/4. Does 26 divide k(t)?
True
Let t = -11 + 589. Let c = t - 343. Is c a multiple of 5?
True
Suppose -22*t - 7784 = -17*t - 9*t. Does 14 divide t?
True
Does 6 divide 3776 - ((-76)/20 - -3)*(-10)/4?
True
Let h(o) = 4*o**3 + 2*o**2 + 11*o - 53. Is h(5) a multiple of 12?
True
Does 11 divide ((-6)/4 - -1)/(37/(-249010))?
False
Let c be 15/((-15)/520*-2). Suppose -5*t = -3*a - 895, -3*a + 0*a + 561 = 3*t. Let g = c - t. Is g a multiple of 11?
False
Let o = 21 + -19. Let y = 71 - 41. Suppose -2*u = -o*p - 6*u + y, 3*u - 9 = 0. Is 2 a factor of p?
False
Suppose -18*q = 10*q - 2*q - 266500. Is q a multiple of 205?
True
Let f = -54463 + 94966. Does 15 divide f?
False
Suppose 3*w - x = 2*w + 1531, 2*x - 1543 = -w. Is w a multiple of 14?
False
Let h(s) = s**2 + 8*s + 5. Let m(t) = -t**2 - 3*t + 10. Let w be m(3). Let y be h(w). Suppose 9*f + 373 = 3*b + 4*f, 2*f + 590 = y*b. Is b a multiple of 32?
False
Let x(r) = r**3 + 10*r**2 + 16*r + 2. Let u be x(-8). Suppose u*w + 1175 - 471 = 0. Is 2/6 + w/(-33) even?
False
Is 92 a factor of ((-414)/(-120))/(9/(-24))*100*-11?
True
Let r(k) = -k + 3. Let f be r(9). Let o(u) = -2*u**2 + 4*u + 13. Let c(m) = -m**2 + 4*m + 12. Let q(j) = 2*c(j) - 3*o(j). Does 35 divide q(f)?
False
Let p(s) = -329*s + 2770. Is p(-24) a multiple of 52?
False
Suppose -5*g = -5*y + 10, g = -8*y + 3*y + 28. Suppose z = 1 + y. Is (2*(-2)/z)/(20/(-3300)) a multiple of 8?
False
Let p = 11 - 12. Let n be 3/((p/(-2))/(3/9)). Suppose 3*c = -y + 199, 5*c - 337 = n*y - y. Does 8 divide c?
False
Is 14 a factor of 680/(-748) + (-3219870)/(-66)?
False
Let b(i) = -2*i + 2. Let h(q) = 72. Let n(d) = -2*b(d) - 2*h(d). Is n(49) a multiple of 14?
False
Let o(q) = -9*q + 981. Is 8 a factor of o(34)?
False
Let n(t) = -187*t + 1620. Is n(-64) a multiple of 22?
False
Suppose -28*d = -d - 27. Is 27 a factor of (-176)/96*(-283 + d)?
False
Suppose 5*z = m + 21, -4*z + 32 = 3*m - 0*m. Suppose s + 3*p = 188, -832 = -z*s - p + 108. Suppose 11*g = s + 527. Does 9 divide g?
False
Let p(x) = -x**3 + 2*x**2 + 3*x + 2. Let z be p(3). Let a be ((-7 - -163)/3)/(0 - -1). Let i = z + a. Is 9 a factor of i?
True
Let c = 5464 + -4862. Is 33 a factor of c?
False
Let b(k) = -4*k**2 - 55*k - 5. Let q(w) = -w**2 - 2*w - 1. Let l(y) = b(y) - 3*q(y). Does 8 divide l(-38)?
True
Let u(v) = -8*v - 32. Let y be u(-14). Suppose 0 = x - 674 + y. Suppose 8*s - x = 5*s. Does 18 divide s?
True
Let b(n) = -4*n + 105. Let k be b(6). Let h = 87 - k. Is 6 a factor of h?
True
Is 20 a factor of (644/8 - 13)/(2/80)?
True
Let m(g) = 412*g - 4027. Is m(16) a multiple of 27?
True
Is 31 a factor of (94/3)/((-3736)/(-744) - (-65)/(-13))?
True
Suppose 0 = 5*d - 4*m - 36, 0*d + d + 8 = -3*m. Suppose s - 5*p - 79 = 0, 3*s + s + d*p - 268 = 0. Is s a multiple of 3?
True
Is (-878)/(128/(-56) + (-4)/(-2)) - 9 a multiple of 2?
True
Let l(m) = 934*m**2 - 628*m + 8. Is l(6) a multiple of 21?
False
Suppose 0 = 3*w - 3*j - 17811, w - 5*j + 2*j = 5933. Does 32 divide w?
False
Suppose 14 = 4*r + 3*k, -r + 4*k - 2 - 4 = 0. Suppose 5*u + r*b = -534 + 1548, -3*u = 2*b - 606. Is u a multiple of 17?
True
Suppose -2*g + 18 = -2*m, 7 = -5*m + 2. Suppose 0 + 16 = g*z. Suppose -2*f = j - 85 + 31, 5*f - 111 = -z*j. Is j a multiple of 4?
True
Let c(v) = 876*v + 6298. Does 205 divide c(12)?
True
Let i(k) = -3*k**2 + 70*k + 15. Let t = -273 - -296. Is 4 a factor of i(t)?
False
Let s be (-10)/15*(-4)/(-6)*-18. Let q be (10/(-6))/(s/(-552)). Let a = q + -15. Is 50 a factor of a?
True
Suppose -l = -4, 2*p + 4*l = -3*p + 6. Let n be p/(-5) - 12/30. Suppose -2*g + 287 = -n*g - 5*m, -2*g = -m - 299. Is g a multiple of 33?
False
Suppose 91*y = 88*y - 6. Is 10 a factor of 13940/34 + (2 - 4 - y)?
True
Let x(y) = 13*y**3 - 4*y**2 - 2*y - 1. Let h be x(-3). Let n = h + 625. Let o = n - -32. Is o a multiple of 42?
False
Let d = -75 - -75. Suppose 2*k + 3 - 13 = d, -4*i - 23 = -3*k. Does 9 divide i*1*(-49 - 5)?
True
Let t(q) = 35*q**3 + 49*q**2 - 99*q + 1. Does 9 divide t(2)?
True
Let h be -4*1/12 + (-1600)/(-3). Let v = h + -23. Is v a multiple of 30?
True
Is 4152/((-516)/(-28) - 18) a multiple of 28?
True
Let f(b) = 65*b**2 - 407*b - 56. Does 53 divide f(-13)?
False
Let r = 4208 - 1853. Does 12 divide r?
False
Let y = -36 - -40. Suppose -y*o + 574 = -278. Is o a multiple of 7?
False
Suppose 3*y + 5*m = 27, -2*m = -4*y + 7 + 3. Suppose -y*h = 5*b + 2, 0 = 5*h - 3*h - 2*b - 8. Suppose 0 = 3*f - h*f - 29. Is 19 a factor of f?
False
Suppose 635*v = 630*v + 150. Suppose -v*g = -38*g + 1848. Is 7 a factor of g?
True
Let a(b) = b**3 - 14*b**2 + 5*b + 7. Let j be a(14). Suppose -4*i = 2*l - 22, 5*l = 3*i - 2*i + j. Suppose l*k = 7*k + 88. Does 2 divide k?
False
Let u(n) = -26*n - 6. Suppose 0 = l - 5*i, -2*l - 2*i = i. Suppose l = 5*h - 2*h - 5*f + 4, 2*h + 10 = -4*f. Is u(h) a multiple of 8?
True
Let o = -311 + 1367. Does 12 divide o?
True
Suppose 223*y - 441380 - 191472 = 285908. Is y a multiple of 40?
True
Suppose -4*a + 11 = 231. Let n = a + 55. Suppose n*l = l - 10. Does 7 divide l?
False
Let k = 18213 - -1428. Does 87 divide k?
False
Suppose -193*l - 237*l + 9251880 = 0. Does 44 divide l?
True
Let r = 94 - 84. Suppose 0 = 3*m - b - r, b = 5*b + 4. Is 6 a factor of 2*m - (20 + -22)?
False
Suppose 0 = -4*w + 12 + 8. Suppose 3*o - 1360 = -5*l, w*l = 2*o + 21 + 1364. Is 11 a factor of l?
True
Does 6 divide 246976/22 - (0/12 + (-4)/(-22))?
True
Suppose -11*s + 5502 = 1344. Is 11 a factor of s?
False
Let j = 336 + 4344. Is 13 a factor of j?
True
Let y(s) = s**3 + 13*s**2 - 71*s. Is 23 a factor of y(-16)?
True
Does 147 divide -2*1325796/(-40) - (10/25)/(-2)?
False
Suppose 4 = -3*h + 16. Suppose 3*v - h*s = s + 1255, 5*v - 2045 = -s. Suppose g + u = 110, 3*g + g - 2*u - v = 0. Does 18 divide g?
False
Suppose 21*l = 25*l - 112. Does 13 divide -26*2*(-7)/l?
True
Is 124 + 3206 + 1*-12 a multiple of 79?
True
Suppose 15*t - 12 = 18*t, 0 = 4*v - 2*t - 4376. Does 3 divide v?
True
Let t = 9 + -6. Suppose t*a - 7*a = 16. Is 3*(12 - (0 - a)) a multiple of 7?
False
Suppose -2 - 8 = -5*s. Suppose -2*i = -8, -o - s*i + 6 = -5. Suppose -112 = -o*n - c + 63, 0 = -c - 2. Is n a multiple of 26?
False
Let j = 4667 + -2147. Is j a multiple of 3?
True
Suppose 9*u = -101*u + 188650. Is 7 a factor of u?
True
Suppose -254 = m - 3*f, -3*m + 230 = 2*f + 1036. Let l = -201 - m. Is 13 a factor of l?
True
Suppose 2*t + 3*s - 8806 = 0, -40*t - 8802 = -42*t - 5*s. Is t a multiple of 41?
False
Suppose l = k - 10612, -42484 = -4*k - 2*l - 3*l. Is k a multiple of 78?
False
Suppose 2*w + w + 115 = 4*h, 55 = -w - 2*h. Is 8 a factor of (-24)/((18/w)/((-12)/(-5)))?
True
Let l = 185 + -138. Suppose 7480 = -36*p + l*p. Is p a multiple of 10?
True
Let f be -6*((-64)/12 + 5). Suppose 8*v - 5110 = -f*v. Is 37 a factor of v?
False
Suppose 4*d = 2*y - 3*y + 6602, -12*y + 3324 = 2*d. Is d a multiple of 11?
True
Let p = 3534 + -1886. Is (-3)/(-4)*p/3 a multiple of 25?
False
Suppose 0 = 65*l - 69*l - 3*f + 30068, -5*l = 4*f - 37584. Is l a multiple of 80?
True
Suppose -4*w + 2*q + 9474 = 0, 4*q = 3*w - 2904 - 4214. Suppose -2*n + 593 = z - 0*z, 4*z + 2*n - w = 0. Is 69 a factor of z?
False
Let o(d) = -2*d**2 - 9*d. Let l be 41 - 45 - (1 - 3)/2. Let n be o(l). Is 15 a factor of 225*(24/n)/8?
Tru